8). Let i(h) = 4*h**3 - 4*h + 5. Calculate the remainder when 113 is divided by i(v).
26
Calculate the remainder when -3 - (-2)/(1 + (-65)/70) is divided by 14.
11
Suppose 4*c = 3802 - 626. What is the remainder when c is divided by 15?
14
Let i = 45 + -11. Let k = 1350 - 1341. Calculate the remainder when i is divided by k.
7
Let n(w) = w**3 - 8*w**2 + 4*w + 9. Let c be n(6). Let h = c + 51. What is the remainder when 118 is divided by h?
10
Let u(c) = 15*c - 16. Let z(o) = o**2 - 9*o + 6. Let m be z(8). What is the remainder when u(6) is divided by -5*1/m*10?
24
Suppose -35 = -310*v + 305*v. What is the remainder when 47 is divided by v?
5
Let c be (97/(-4))/(((-10)/(-16))/(-5)). Suppose -4*d - 5*y + 89 = -56, -6 = 2*y. Calculate the remainder when c/10 + (-16)/d is divided by 11.
8
Suppose 812 = 4*g - 2*r, -2*r = 3*g - 67 - 535. What is the remainder when g is divided by 51?
49
Suppose -3*t + 6 = -0*t. Suppose -2*q + 3*l = -t*l - 63, 3*q - 5*l = 87. What is the remainder when 69 is divided by q?
21
Let x(i) = i**3 - 46*i**2 - 94*i - 32. What is the remainder when 238 is divided by x(48)?
46
Let s be 6/(-4) + 3*4916/(-24). Calculate the remainder when 42 is divided by 8/52 - s/52.
6
Suppose -5*h + 2*q + 2*q + 589 = 0, 0 = 2*q - 8. Suppose 5*d - 971 = -h. What is the remainder when d is divided by 19?
18
Suppose -4*h + 4*n + 225 = h, -4*h + 5*n = -171. Calculate the remainder when h is divided by 19.
11
Let g(m) = m**2 - 8*m + 4. Let p be g(6). Let s be p/(-32) + (-609)/4. What is the remainder when 39 is divided by (-2)/(-11) - s/11?
11
Suppose -2*v - 4*o + 88 = 0, -3*v - 4*o + 76 = -54. What is the remainder when 485 is divided by v?
23
Calculate the remainder when (-3)/((-9)/(-12)) - -1 - -93 is divided by 6.
0
Suppose -2*q + 5*q = -5*i + 46, -q = 4*i - 13. Suppose 4*f + 83*y - 335 = 86*y, -2*y = 3*f - 247. What is the remainder when f is divided by q?
15
Suppose 5*o + 103 = 313. Let y = -10 + o. Calculate the remainder when y is divided by 9.
5
Suppose 2*g - 5*j = 37, -g - 4*g + 5*j = -100. Suppose -70 = -5*z + 975. What is the remainder when z is divided by g?
20
Let a(q) = -q**2 + 5*q + 7. Suppose -114 = -3*n - 9. Suppose o - n = -5*z, 3*o + 4*z + 5 - 88 = 0. Calculate the remainder when o is divided by a(5).
4
Let x(t) = -t**2 + 8. Let q be x(0). Let o(v) = v**3 - 7*v**2 - 3*v - 2. Calculate the remainder when 112 is divided by o(q).
36
Let a = 95 - 81. Calculate the remainder when 90 is divided by a.
6
Let t(u) = -u**3 + 2*u**2 + 35*u + 8. Calculate the remainder when 76 is divided by t(7).
4
Let i(p) = p**3 + 8*p**2 + 6*p - 7. Let t be i(-7). Let v(b) = b**2 + b + 62. Calculate the remainder when v(t) is divided by 5.
2
Let v = -859 - -1064. What is the remainder when v is divided by 35?
30
Let s be ((-5)/4)/(7/56). What is the remainder when 101 is divided by 20/6*(-108)/s + -2?
33
Let s be (24/16)/((-3)/(-86)). Suppose -4*m + 159 = s. Suppose -133*q = -136*q + 168. What is the remainder when q is divided by m?
27
Suppose c + c = 70. Suppose 3*i = -3*u + 2*u + 313, 4*i = 3*u + 413. Calculate the remainder when i is divided by c.
34
Let j = 40 + -22. Suppose 0*q - 86 = -q. Calculate the remainder when q is divided by j.
14
Let f(p) = p + 7*p - 7*p - 7*p - 3. Let m(o) = -o**3 - 5*o**2 + 6*o - 1. Let d be m(-6). Calculate the remainder when f(d) is divided by 3.
0
Suppose s = -4*z + 7, -5*s + 4*z - 52 = -s. Let y = 19 + s. Let c = 20 - y. What is the remainder when c is divided by 4?
2
Suppose 3*f = -0*r + 3*r, -3*r - 2 = -5*f. Calculate the remainder when (-130)/(-5) + (r*-4)/(-2) is divided by 10.
8
Suppose -3*c + 105 = 2*q, -q + 2*c = c - 65. Calculate the remainder when 117 is divided by q.
57
Suppose -2*m + 54 = -20. Suppose 4*g - m = -5*c, -4*c + 0*c + 5 = -5*g. Let o = c - -17. Calculate the remainder when o is divided by 8.
6
Let h be (-22)/((10/15)/(-1)). What is the remainder when h/(5/((-10)/(-2))) is divided by ((-4)/3)/((-2)/18)?
9
Suppose -3*c = 2*s - 256, 0 = -0*c + 3*c - 6. Suppose 8*g + 5*j = 3*g + s, -48 = -2*g - j. Calculate the remainder when g is divided by 14.
9
Let q be (-1016)/(-36) - (-6)/(-27). Let r = q + -25. Suppose -r*f = 2*f - 295. Calculate the remainder when f is divided by 15.
14
Let l be -3*10*(-5)/30. Suppose l*r - 11 = 4*r. Calculate the remainder when 32 is divided by r.
10
Let o(w) = w**2 - 7*w + 19. What is the remainder when o(9) is divided by 2/(-8) - (-164)/16?
7
Calculate the remainder when (0 + 115)/(1/(4/4)) is divided by 38.
1
Suppose -19*o = -24*o + 250. What is the remainder when o is divided by 19?
12
Suppose -1529 = -o + 68. Suppose 2*l - o = 7. Suppose l = 9*z + 226. What is the remainder when z is divided by 11?
9
Suppose 47*z - 267 = -5*c + 43*z, 4*c = 3*z + 195. Calculate the remainder when c is divided by 27.
24
Suppose -126 = -9*f - 9*f. Calculate the remainder when 11 is divided by f.
4
Let o = 158 + -332. Let x = -106 - o. What is the remainder when x is divided by 18?
14
Let h(k) = 29*k + 15. Let g(q) = -19*q - 10. Let f(t) = 8*g(t) + 5*h(t). Let i = -2 + 5. Calculate the remainder when f(-2) is divided by i.
0
Suppose -34 = -4*v + 26. Let h(o) = 2*o**2 + 48*o + 28. What is the remainder when h(-24) is divided by v?
13
Let s be (5 - 2)*(-13)/3. Suppose 2*j - 39 = -9. Calculate the remainder when j is divided by (-106)/s - (-2 + (-84)/(-39)).
7
Let z(j) = -j**2 + 2*j - 3. Let y be z(3). Calculate the remainder when y/21 - (-468)/21 is divided by 6.
4
Let h(t) = -2*t + 19. What is the remainder when 193 is divided by h(2)?
13
Let a(t) = 6*t - 1. Let p be a(1). Suppose 3*n = 98 - p. What is the remainder when n is divided by 5/(-2)*(-238)/(-105)*-3?
14
Let o(t) = 10*t**2 + 13*t - 23. Calculate the remainder when 211 is divided by o(2).
39
What is the remainder when 152 is divided by 1/(-8) - (-2632)/64?
29
Let s be (-6)/15*1*-15. Suppose -4*q = s - 18. Calculate the remainder when 17 is divided by q/(-18) - (-148)/24.
5
Suppose -45 = -11*i + 6*i. Let o = i - -6. Calculate the remainder when 29 is divided by o.
14
Let g(a) = a**3 + 14*a**2 - 21*a - 15. Suppose 0 = c + c + 36. What is the remainder when g(-15) is divided by (-3)/(c/26)*6?
23
Suppose 5*c = 13*c - 432. What is the remainder when c is divided by 8?
6
Suppose 0 = 4*z - 9*z + 40. Let d(w) = -w**2 - 6*w + 3. Suppose 3*c + 24 = -c. Calculate the remainder when z is divided by d(c).
2
Let i(n) = n + 28. Suppose -10 = 4*p + 42. Calculate the remainder when 26 is divided by i(p).
11
Suppose -c = -2*k + 43, -2*c + 3*k + 23 = -3*c. Let o = c - -50. Calculate the remainder when 102 is divided by o.
12
Let h be (-2)/(-1) + (-6)/(-3). Suppose j + h*j - 10 = 0. Let c = 56 - 53. Calculate the remainder when c is divided by j.
1
Let p(m) = -2*m + 8. Suppose -2*o - 2*o = -12. Suppose -11 = -c - 0*z - 3*z, 15 = o*z. Calculate the remainder when p(c) is divided by 9.
7
Suppose 0 = -4*p + f + 209, -2*p - 2*f = -6*f - 94. Suppose -3*g - 5*h + h = -p, 0 = -4*h - 16. What is the remainder when 66 is divided by g?
20
Suppose 3*c = 5*j - 29, -5 = -5*j - c + 12. Calculate the remainder when 52/6*9/6 is divided by j.
1
Suppose -4*h = -j - 115, h - 2*j - 56 = -h. Let q = -6 - -8. Suppose -q*p + 4*p - 9 = 3*x, 0 = 5*p - x - h. Calculate the remainder when p is divided by 2.
0
Let s = -31 + 178. Calculate the remainder when s is divided by 38.
33
Let u(o) = o**2 - 73. Suppose -z - 6*k = -k + 12, 0 = 2*z + 3*k - 11. What is the remainder when z is divided by u(-9)?
5
Let c = -16 + 107. Let a = c + -51. What is the remainder when a is divided by 11?
7
Let g be (-1)/(-2*(-1)/154). What is the remainder when 52 is divided by (g/(-14))/((-1)/(-2))?
8
Let v be 4/16 + (-254)/(-8). Suppose 2*a - 4*u = v, u = -a - 3*u - 2. Let b(i) = 26*i**2 + i. Calculate the remainder when b(1) is divided by a.
7
Let l(f) = 4 - 6 + 11 + 24*f + 8. Calculate the remainder when l(5) is divided by 46.
45
Let p(c) = c**3 - 2*c**2 + 4*c - 2. Calculate the remainder when 13 is divided by p(2).
1
Let l(n) = -17*n - 7. Let y(d) = 18*d + 6. Let q(g) = -3*l(g) - 2*y(g). What is the remainder when q(4) is divided by 24?
21
Suppose -2*x + 103 = 29. What is the remainder when 61 is divided by x?
24
Let i(h) = 0*h**2 + 4*h - 4*h**3 + 3 + 6*h**2 - 2*h**2 + 0*h**3. Let u(m) = 7*m**